{"id":8,"date":"2026-05-07T11:42:52","date_gmt":"2026-05-07T11:42:52","guid":{"rendered":"https:\/\/nitro-mag.fr\/?page_id=8"},"modified":"2026-05-07T15:06:38","modified_gmt":"2026-05-07T13:06:38","slug":"le-magazine","status":"publish","type":"page","link":"https:\/\/nitro-mag.fr\/?page_id=8","title":{"rendered":"Le Magazine"},"content":{"rendered":"\n<p><strong>Nitro<\/strong> est <em>le<\/em> magazine fran\u00e7ais d\u00e9di\u00e9 \u00e0 l&rsquo;am\u00e9ricaine, au custom et \u00e0 la culture US sur quatre roues. \u00c9dit\u00e9 par les <strong>Editions Riva<\/strong>, il rassemble depuis plusieurs ann\u00e9es une communaut\u00e9 de passionn\u00e9s autour des voitures qui ont marqu\u00e9 l&rsquo;histoire automobile am\u00e9ricaine&nbsp;: muscle cars, hot rods, kustoms, lowriders, pick-ups, restomods et dragsters.<\/p>\n\n\n\n<h2 class=\"wp-block-heading\">Notre ligne \u00e9ditoriale<\/h2>\n\n\n\n<p>Chaque num\u00e9ro de Nitro propose des reportages sur des pr\u00e9parations exceptionnelles, des visites d&rsquo;ateliers de r\u00e9f\u00e9rence, des comptes rendus des plus grands meetings fran\u00e7ais et am\u00e9ricains, des dossiers historiques et techniques, et bien s\u00fbr les essais des mod\u00e8les iconiques&nbsp;: Ford Mustang, Chevrolet Corvette, Camaro, Dodge Challenger, Plymouth Barracuda, Pontiac GTO, Chevrolet Bel Air, Ford F-100, Willys Coupe et bien d&rsquo;autres.<\/p>\n\n\n\n<h2 class=\"wp-block-heading\">Le magazine papier et le web<\/h2>\n\n\n\n<p>Le magazine papier para\u00eet au rythme de plusieurs num\u00e9ros par an, compl\u00e9t\u00e9s par des hors-s\u00e9ries th\u00e9matiques (D-Day, Muscle Cars, SEMA Show\u2026). Ce site web prolonge l&rsquo;aventure en proposant en acc\u00e8s libre une s\u00e9lection d&rsquo;articles tir\u00e9s des num\u00e9ros r\u00e9cents, class\u00e9s par rubrique, marque et mod\u00e8le.<\/p>\n\n\n\n<h2 class=\"wp-block-heading\">Contact<\/h2>\n\n\n\n<p><strong>Editions Riva<\/strong><br>R\u00e9daction Nitro<br>Email&nbsp;: <a href=\"mailto:contact@nitro-mag.fr\">contact@nitro-mag.fr<\/a><\/p>\n\n\n\n<p><a href=\"\/?page_id=kiosque\">D\u00e9couvrir tous les num\u00e9ros parus \u2192<\/a><\/p>\n","protected":false},"excerpt":{"rendered":"<p><!-- wp:paragraph --><\/p>\n<p><strong>Nitro<\/strong> est <em>le<\/em> magazine fran\u00e7ais d\u00e9di\u00e9 \u00e0 l&rsquo;am\u00e9ricaine, au custom et \u00e0 la culture US sur quatre roues. \u00c9dit\u00e9 par les <strong>Editions Riva<\/strong>, il rassemble depuis plusieurs ann\u00e9es une communaut\u00e9 de passionn\u00e9s autour des voitures qui ont marqu\u00e9 l&rsquo;histoire automobile am\u00e9ricaine&nbsp;: muscle cars, hot rods, kustoms, lowriders, pick-ups, restomods et dragsters.<\/p>\n<p><!-- \/wp:paragraph --><\/p>\n<p><!-- wp:heading --><\/p>\n<h2 class=\"wp-block-heading\">Notre ligne \u00e9ditoriale<\/h2>\n<p><!-- \/wp:heading --><\/p>\n<p><!-- wp:paragraph --><\/p>\n<p>Chaque num\u00e9ro de Nitro propose des reportages sur des pr\u00e9parations exceptionnelles, des visites d&rsquo;ateliers de r\u00e9f\u00e9rence, des comptes rendus des plus grands meetings fran\u00e7ais et am\u00e9ricains, des dossiers historiques et techniques, et bien s\u00fbr les essais des mod\u00e8les iconiques&nbsp;: Ford Mustang, Chevrolet Corvette, Camaro, Dodge Challenger, Plymouth Barracuda, Pontiac GTO, Chevrolet Bel Air, Ford F-100, Willys Coupe et bien d&rsquo;autres.<\/p>\n<p><!-- \/wp:paragraph --><\/p>\n<p><!-- wp:heading --><\/p>\n<h2 class=\"wp-block-heading\">Le magazine papier et le web<\/h2>\n<p><!-- \/wp:heading --><\/p>\n<p><!-- wp:paragraph --><\/p>\n<p>Le magazine papier para\u00eet au rythme de plusieurs num\u00e9ros par an, compl\u00e9t\u00e9s par des hors-s\u00e9ries th\u00e9matiques (D-Day, Muscle Cars, SEMA Show\u2026). Ce site web prolonge l&rsquo;aventure en proposant en acc\u00e8s libre une s\u00e9lection d&rsquo;articles tir\u00e9s des num\u00e9ros r\u00e9cents, class\u00e9s par rubrique, marque et mod\u00e8le.<\/p>\n<p><!-- \/wp:paragraph --><\/p>\n<p><!-- wp:heading --><\/p>\n<h2 class=\"wp-block-heading\">Contact<\/h2>\n<p><!-- \/wp:heading --><\/p>\n<p><!-- wp:paragraph --><\/p>\n<p><strong>Editions Riva<\/strong><br \/>R\u00e9daction Nitro<br \/>Email&nbsp;: <a href=\"mailto:contact@nitro-mag.fr\">contact@nitro-mag.fr<\/a><\/p>\n<p><!-- \/wp:paragraph --><\/p>\n<p><!-- wp:paragraph --><\/p>\n<p><a href=\"\/?page_id=kiosque\">D\u00e9couvrir tous les num\u00e9ros parus \u2192<\/a><\/p>\n<p><!-- \/wp:paragraph --><\/p>\n","protected":false},"author":2,"featured_media":0,"parent":0,"menu_order":0,"comment_status":"closed","ping_status":"closed","template":"","meta":{"footnotes":""},"class_list":["post-8","page","type-page","status-publish","hentry"],"_links":{"self":[{"href":"https:\/\/nitro-mag.fr\/index.php?rest_route=\/wp\/v2\/pages\/8","targetHints":{"allow":["GET"]}}],"collection":[{"href":"https:\/\/nitro-mag.fr\/index.php?rest_route=\/wp\/v2\/pages"}],"about":[{"href":"https:\/\/nitro-mag.fr\/index.php?rest_route=\/wp\/v2\/types\/page"}],"author":[{"embeddable":true,"href":"https:\/\/nitro-mag.fr\/index.php?rest_route=\/wp\/v2\/users\/2"}],"replies":[{"embeddable":true,"href":"https:\/\/nitro-mag.fr\/index.php?rest_route=%2Fwp%2Fv2%2Fcomments&post=8"}],"version-history":[{"count":1,"href":"https:\/\/nitro-mag.fr\/index.php?rest_route=\/wp\/v2\/pages\/8\/revisions"}],"predecessor-version":[{"id":520,"href":"https:\/\/nitro-mag.fr\/index.php?rest_route=\/wp\/v2\/pages\/8\/revisions\/520"}],"wp:attachment":[{"href":"https:\/\/nitro-mag.fr\/index.php?rest_route=%2Fwp%2Fv2%2Fmedia&parent=8"}],"curies":[{"name":"wp","href":"https:\/\/api.w.org\/{rel}","templated":true}]}}